of 264 and 115944?
24
What is the highest common factor of 6630 and 3583770?
510
What is the greatest common factor of 16299221 and 876?
73
What is the highest common factor of 399 and 244922901?
57
What is the highest common divisor of 702 and 23344152?
78
What is the greatest common factor of 495223430 and 14790?
4930
What is the highest common divisor of 653448 and 5832?
24
Calculate the highest common factor of 189841 and 1004165.
229
What is the greatest common divisor of 21627699 and 6?
3
Calculate the highest common divisor of 43175 and 5775.
275
Calculate the highest common factor of 23 and 1061617.
1
Calculate the highest common factor of 2161283 and 145.
29
What is the greatest common factor of 8730778 and 51212?
434
What is the greatest common divisor of 7340 and 34590484?
1468
What is the greatest common factor of 144 and 6239682?
18
Calculate the greatest common divisor of 156996018 and 18.
18
Calculate the greatest common factor of 4925 and 4953775.
25
Calculate the greatest common divisor of 1914 and 1204566.
66
What is the highest common factor of 384058 and 18?
2
What is the highest common divisor of 13684791 and 6?
3
What is the greatest common factor of 33607378 and 28?
14
Calculate the greatest common divisor of 14345368 and 19.
1
What is the greatest common factor of 16 and 36251?
1
Calculate the greatest common divisor of 8305 and 21090170.
755
What is the greatest common divisor of 144115 and 54205?
185
Calculate the greatest common divisor of 5145 and 219270639.
1029
Calculate the greatest common divisor of 12490304 and 4352.
64
What is the greatest common divisor of 178374 and 338334?
186
What is the highest common divisor of 6575167 and 2959?
269
Calculate the highest common factor of 4802 and 7056490.
98
Calculate the highest common divisor of 7851 and 56493179.
2617
What is the highest common factor of 131644955 and 65?
65
What is the highest common factor of 1824 and 207778224?
912
Calculate the greatest common factor of 46189334 and 332.
166
What is the highest common factor of 56 and 463781248?
56
What is the highest common divisor of 20 and 347457010?
10
What is the highest common factor of 143154774 and 252?
126
What is the greatest common factor of 55 and 38595953?
11
Calculate the highest common divisor of 262 and 39224544.
262
What is the greatest common divisor of 1360 and 466510600?
680
What is the greatest common divisor of 954 and 211023?
9
What is the greatest common factor of 189948 and 14592?
12
Calculate the greatest common factor of 14225028 and 174.
6
Calculate the greatest common factor of 75 and 432468645.
15
Calculate the greatest common factor of 937489 and 23681.
1393
Calculate the greatest common divisor of 190315458 and 247194.
7974
Calculate the highest common divisor of 1372 and 289130968.
196
Calculate the highest common factor of 32410776 and 56.
8
What is the highest common factor of 58761692 and 451?
451
Calculate the highest common factor of 48206457 and 105183.
3627
Calculate the greatest common factor of 18 and 5219747.
1
Calculate the greatest common divisor of 25409323 and 181.
181
Calculate the greatest common divisor of 28 and 681572038.
14
Calculate the greatest common factor of 196215 and 58813.
103
What is the greatest common divisor of 68085 and 27795?
255
What is the greatest common divisor of 7840 and 1561280?
1120
What is the greatest common divisor of 212 and 20589334?
106
Calculate the greatest common factor of 341423891 and 15902.
7951
What is the highest common divisor of 1855 and 22969670?
265
Calculate the highest common factor of 21168 and 997164.
756
What is the highest common factor of 120 and 1114976220?
60
What is the greatest common divisor of 94 and 79502?
2
What is the greatest common factor of 37926800 and 60208?
848
Calculate the highest common factor of 355880 and 7641088.
2296
What is the greatest common factor of 6135 and 10410?
15
What is the greatest common factor of 3947 and 2700217693?
3947
Calculate the greatest common divisor of 4560 and 13765272.
456
Calculate the highest common divisor of 8242 and 1362466.
634
What is the greatest common factor of 255380 and 340?
20
What is the highest common divisor of 18941 and 58905053?
1457
What is the greatest common divisor of 820749 and 91037?
59
Calculate the greatest common factor of 3165509 and 362.
181
Calculate the greatest common factor of 42 and 9484594.
14
Calculate the greatest common divisor of 850093647 and 39.
39
Calculate the greatest common factor of 225228 and 3451852.
548
Calculate the greatest common divisor of 815 and 2795939.
163
What is the greatest common factor of 1525 and 422083400?
1525
Calculate the greatest common factor of 15369 and 385071.
141
What is the highest common divisor of 152 and 60570024?
152
Calculate the greatest common factor of 7303 and 3677224.
109
Calculate the highest common divisor of 926540 and 328.
4
What is the greatest common divisor of 14703 and 13839579?
507
Calculate the highest common factor of 2860077 and 67881.
363
What is the highest common factor of 5142267 and 216?
9
What is the greatest common factor of 36807645 and 175?
35
What is the greatest common divisor of 24 and 727548?
12
What is the highest common factor of 3278050 and 22200?
50
What is the highest common factor of 1847057 and 10813?
983
Calculate the highest common divisor of 141017 and 2757477.
1699
Calculate the greatest common divisor of 248188872 and 24.
24
What is the greatest common factor of 539783760 and 180?
60
Calculate the highest common factor of 837 and 37159452.
837
Calculate the greatest common divisor of 1096 and 128248.
8
Calculate the greatest common divisor of 152540962 and 29715.
1981
Calculate the greatest common divisor of 48 and 4381398.
6
Calculate the highest common factor of 374 and 12186053.
11
Calculate the greatest common factor of 116367702 and 110.
22
Calculate the highest common divisor of 27 and 38056581.
27
What is the highest common divisor of 44544 and 19515840?
5568
What is the greatest common divisor of 1965 and 3334343?
131
What is the highest common factor of 6454 and 1458772?
14
What is the greatest common divisor of 188324 and 3737822?
4094
What is the highest common divisor of 4360 and 951371620?
2180
Calculate the highest common factor of 1131803988 and 252.
84
What is the greatest common factor of 24 and 54656568?
24
What is the highest common divisor of 6256 and 5042?
2
Calculate the greatest common factor of 246921387 and 111.
111
What is the greatest common factor of 332545190 and 2742?
914
What is the highest common factor of 55725 and 55651443?
2229
What is the highest common factor of 1578324609 and 243?
243
What is the greatest common divisor of 7732075 and 1?
1
What is the greatest common factor of 167058 and 69183?
9
What is the greatest common factor of 190 and 3146818?
38
Calculate the highest common divisor of 54 and 109059669.
27
What is the greatest common divisor of 27900 and 1683900?
900
Calculate the greatest common divisor of 361 and 15585301.
19
What is the greatest common divisor of 37703 and 24901?
37
What is the greatest common divisor of 1332 and 25733907?
333
What is the greatest common divisor of 4636695 and 420?
105
Calculate the highest common factor of 58291 and 14768.
71
Calculate the greatest common divisor of 2631358 and 49421.
73
What is the highest common factor of 12434913 and 121788?
1791
Calculate the highest common divisor of 2809479573 and 13203.
13203
What is the highest common factor of 8022 and 5973408?
42
What is the highest common factor of 1064231960 and 39712?
9928
What is the highest common factor of 2032 and 54232?
8
Calculate the greatest common factor of 23903418 and 44.
22
Calculate the greatest common factor of 27092967 and 1464.
183
What is the highest common divisor of 1700 and 24514340?
340
Calculate the greatest common divisor of 10221449 and 43757.
931
Calculate the highest common factor of 170368 and 18652.
4
Calculate the highest common factor of 5826 and 99137158.
1942
Calculate the greatest common factor of 66 and 20890122.
66
What is the greatest common factor of 30018262 and 316?
158
What is the greatest common divisor of 4585 and 9738540?
4585
Calculate the highest common fac